 -3 - (u*13)/1. What is the units digit of (-1 - -2)/(6/j)?
6
Let s(f) = 34*f**2 + f - 4. What is the tens digit of s(3)?
0
Let f be 296/(-14) + 1/7. Let v = -13 - f. What is the units digit of v?
8
Let f(u) = u**2 - 4*u - 14. What is the units digit of f(7)?
7
Suppose -2*o - 1 + 3 = 0. Let q be o - (-1 + 4)/(-1). Suppose 31 = 5*s + y, q*s - 22 - 5 = -3*y. What is the units digit of s?
6
Let o be (2 + (-2 - -1))/1. What is the tens digit of (-252)/(-16) - o/(-4)?
1
Let i be (8/10)/((-1)/(-5)). Suppose i*p - 22 - 10 = 0. What is the units digit of p?
8
Let i = 47 - 34. What is the tens digit of i?
1
Suppose 10 = -4*r - 4*i + 218, -r + i = -44. Let g be (-2 - r/(-9))*-3. Let l = g - -21. What is the units digit of l?
1
Let x = -76 + 172. Suppose x = 7*a - 3*a. What is the tens digit of a?
2
Let i = -6 - -19. Suppose -37 = -5*m + i. What is the tens digit of m?
1
Suppose -5*l = 5*c + 10, c - 3*l = -7*l - 17. Suppose -5*t + 15 = c*p, -4*t - p + 4 = 3*p. What is the units digit of t?
6
Let d be (-322)/35*10/(-4). Let m = d - -1. What is the units digit of 8/(-44) + m/11?
2
Let c(w) = -2*w**2 - 31*w + 14. What is the units digit of c(-12)?
8
Suppose 5*f = 1255 + 595. What is the units digit of f?
0
Let a(s) = 10*s - 16. Let b be a(12). Suppose -2*i + 6*i = b. What is the tens digit of i?
2
Let l(u) = -2*u**2 - 39*u - 7. What is the units digit of l(-12)?
3
Let h(d) = 2*d**3 - 8*d**2 + 5*d - 24. What is the hundreds digit of h(6)?
1
Let a(v) = -2*v**3 + 37*v**2 + 24*v - 16. What is the tens digit of a(19)?
7
Let b be -2*(2*1)/(-4). Let y = -14 - -15. What is the units digit of b/(y/2 - 0)?
2
Suppose -3*r = -4*j - 61, 59 = 3*r - 5*j - 6. Suppose o - 2*v + 0*v = r, -3*v = o + 5. What is the units digit of o?
7
Suppose h - 18 = -5*o, 2*h + 3*o - 54 = -o. What is the tens digit of h?
3
Let y be (-5)/(-10) + 252/8. Let i = y - 8. What is the units digit of i?
4
Let d(l) = -2*l - 9. What is the units digit of d(-9)?
9
Suppose 4*l = 4*h + 8, 2*l - 17 = l - 4*h. Suppose 140 = l*g - 5. What is the units digit of g?
9
Let p = -232 + 364. Suppose -2*w - 2*j + p = w, -57 = -w - 5*j. What is the tens digit of w?
4
Suppose -o + 2 - 7 = 0. Let v = o - -6. What is the units digit of v?
1
Let b(s) be the second derivative of -s**5/60 - s**4/3 + 11*s**3/6 + 3*s**2/2 - 2*s. Let k(x) be the first derivative of b(x). What is the units digit of k(-8)?
1
Suppose 0 = 3*h - 2*d + 4*d - 62, -4*h = -2*d - 64. What is the units digit of h?
8
Let z be (-25 - 0)/(0 - 1). Suppose 0 = -0*r - 2*r. Suppose r = -5*t + z + 60. What is the units digit of t?
7
Let i = -72 - -76. What is the units digit of i?
4
Suppose 65 = p + 7. Suppose -97 - p = -5*v. What is the units digit of v?
1
Let q = 138 - 64. What is the units digit of q?
4
Suppose 9*r = 5*r + 12. What is the units digit of 18/((-27)/12 + r)?
4
Let o(i) = i + 1. Let p be o(1). Suppose -3*k - k + 27 = 3*c, -k - p*c + 13 = 0. What is the units digit of k?
3
Suppose j - 62 = -j. Suppose -f - 3*f + 2*t + 42 = 0, j = 2*f + t. What is the tens digit of f?
1
Let j = 14 - 22. What is the units digit of (j*1 + 1)*-3?
1
Let j be -1 - 0 - (0 - -19). Let b be 6/9 + j/(-6). Suppose -3*l = b*y - 28, 0 = l - 0*l - 2*y - 6. What is the units digit of l?
8
Suppose 0 = z + 5*i - 52, -2*z = -4*z - i + 68. What is the units digit of z?
2
Let b(d) = -d**2 + 9*d - 2. Let j be b(9). What is the units digit of (-1)/(j/(-11))*-2?
1
Let f(x) = x**2 - 4*x + 7. Let r be f(6). Let k = 37 - r. What is the units digit of k?
8
Suppose 2*s - 3*u - 30 - 83 = 0, -s = 3*u - 43. Suppose 3*z - s = -z. What is the units digit of z?
3
Let q(v) = v**2 + 8*v + 14. What is the units digit of q(-7)?
7
Let f(v) = -8*v**3 + v**2 + 6*v + 3. What is the units digit of f(-2)?
9
Suppose -2*v + c = -0*v - 127, -v + 67 = 3*c. What is the tens digit of v?
6
Let r = -11 - -1. Let b be 0/((-12)/4) - -19. Let q = r + b. What is the units digit of q?
9
Let i(r) = -r**2 + 5*r - 2. Let m be i(4). Suppose -m*v + 1 = -91. What is the tens digit of v?
4
Suppose 0 = z - 17 + 7. What is the units digit of (-4)/6*(-15)/z?
1
Let t(v) = 26*v**2 - 7*v - 4 + 6 + 22*v - 12*v. What is the units digit of t(-1)?
5
Suppose 0 = 5*n - 5*c - 55, 0 = n + 4*n + 3*c - 23. Let y = 8 - n. What is the units digit of y?
1
Let w = 30 + -25. Let l be 0 + 0/(-2)*1. Suppose -3*u + l*f = w*f - 29, 5*u - 55 = -5*f. What is the tens digit of u?
1
Let j(f) = 9*f + 5. What is the units digit of j(5)?
0
Suppose -15 = -5*d + 35. Let r(g) = -g**2 - 9*g + 11. Let p be r(-8). Let i = p - d. What is the units digit of i?
9
Let t(b) = b**3 - 4*b**2 - 2*b + 4. Let x be t(4). Let l(d) = -2*d**2 + 3*d**2 - 1 + 3*d - 5*d + 4*d. What is the units digit of l(x)?
7
Suppose 121 - 16 = 5*l. Suppose -3*t + 0 + l = 0. What is the units digit of t?
7
Let x(i) = i**3 - 4*i**2 + 5*i + 17. What is the units digit of x(7)?
9
Suppose k + 8 = -5*i, 4 + 16 = -4*i. Suppose 2*j = j + 8. Let t = k - j. What is the units digit of t?
9
Let a(f) = f**3 - 7*f**2 + 6*f - 5. Let l be a(6). Let n = l - -15. What is the tens digit of n?
1
What is the tens digit of (-12)/(-8)*(-232)/(-12)?
2
Let t(b) = -b**3 - 2*b**2. Let z(y) = -y + 1 - 1 + 0 + 1. Let f be z(4). What is the units digit of t(f)?
9
Let v(x) = 18*x + 29. What is the hundreds digit of v(7)?
1
Let n = 0 - 0. Suppose -3*a = -n*a. Suppose -9*m + 5*m + 60 = a. What is the units digit of m?
5
Let a be 4 + ((-2)/2 - -2). Suppose 1 = -c, -a*h + 4*c = -4*h - 6. What is the units digit of -10*((-4)/2)/h?
0
Let d(t) = -t. Let q be d(-4). Suppose 0 = -5*x - 2*n - 5, x + 0*n + 1 = 3*n. Let l = q - x. What is the units digit of l?
5
Let j = -73 + 203. What is the units digit of j?
0
Suppose 5*q + 1 = 21. Suppose 4*z - 3*m = 49, q*z - 5*z + 1 = -3*m. What is the tens digit of z?
1
Let z(t) = -t**3 + 7*t**2 + 4*t - 10. Let k be z(7). Let h = k - 1. What is the units digit of h?
7
Let x(u) = 11*u - 1. What is the tens digit of x(11)?
2
Let p(s) = 4*s + 7. What is the units digit of p(20)?
7
Let b be 0/(-2) - (1 + -1). Suppose b = 3*j - 2*s + 4*s + 1, -2*j - 8 = 5*s. What is the units digit of j?
1
Suppose 6*b - r - 4 = 2*b, -4*b + 3*r = 4. What is the units digit of b?
2
Let v = 125 - 91. What is the tens digit of v?
3
Let u(h) = -8*h**3 + h**2 + 3*h - 2. What is the tens digit of u(-2)?
6
Let k(v) = 5*v**2 + 18*v - 18. Let i(t) = -11*t**2 - 37*t + 37. Let b(q) = 4*i(q) + 9*k(q). What is the units digit of b(-16)?
8
Suppose 80 = 2*u - 118. What is the tens digit of u?
9
Let d be 18/5 - 2/(-5). Suppose d*n = 3*n + 10. What is the units digit of n?
0
Suppose -2*p - 6 = p. What is the units digit of (3 - (-33)/(-6))*p?
5
Let o = -16 + 59. What is the units digit of o?
3
Let o(g) = -g**3 + 7*g**2 + g - 5. Let p be o(6). Let s = p - 12. What is the tens digit of s?
2
What is the units digit of 352/(1 - -3) + 3?
1
Suppose -5*z + 9 = -2*z. What is the units digit of ((-12)/(-9))/(1/z)?
4
Let f(c) = -1 + c + c - 2. Let n be f(6). Let x = n + -5. What is the units digit of x?
4
Suppose 0*y = -5*y - 90. Let j be 40/y - 4/(-18). Let w = j + 3. What is the units digit of w?
1
Let d(z) = -4*z**3 + 1. Let j be d(-1). Let u = j - -7. What is the tens digit of u?
1
Suppose -7*n = -2*n + p - 25, -5*n + 2*p + 10 = 0. Suppose -3*w - w + 24 = 0. Suppose -n*c + w = -c. What is the units digit of c?
2
Let h(w) = w**2 + w - 4. Let q be h(-3). Let y(a) = a**2 - q - 2*a - 2 + 0*a. What is the units digit of y(4)?
4
Let s = 62 + -44. What is the tens digit of s?
1
Let n(j) = -3*j + 1. Let b = 3 - 4. Let h be n(b). What is the units digit of (-6)/h*4/(-3)?
2
Let f = 6 + 19. Let s = f - 10. What is the units digit of s?
5
Suppose 2*t - 18 = 60. What is the tens digit of t?
3
Suppose 3*t = 5*t. Suppose t = -3*n + 5 + 49. What is the tens digit of n?
1
Let z(x) = -x**2 - 12*x + 19. Let g be z(-13). Let c(j) = -j**2 + 14*j + 1. What is the tens digit of c(g)?
4
Suppose 3 - 11 = -4*h. Suppose h = -2*p - 5*f + 28, -5*f = -3*p - 11. Suppose -p*b + 8 + 16 = 0. What is the units digit of b?
8
Let z(g) = 3*g + 11. Let m be z(-8). Let s = 18 + m. Suppose s*v - 19 = -4. What is the units digit of v?
3
Let l(h) = h**3 + 5*h**2 - 4*h - 5. Let w be -11 + 0 + 3 - -2. Let m be l(w). Let v = 24 + m. What is the units digit of v?
7
Suppose -c + 35 